/16*-1. Suppose -44*c + v = -55. What is the greatest common factor of 26 and c?
1
Suppose -95*o + 172*o + 102*o = 4296. Calculate the highest common divisor of o and 7968.
24
Suppose k - 4*s = 60, 5*s = 3*s - 4. Suppose 20*m - 258 = 19*m. Let c = m - 219. What is the greatest common factor of k and c?
13
Let q(u) = -33*u - u**2 - 9 + 12*u + 45. Let n be q(-21). What is the greatest common divisor of n and 12?
12
Let i be (200/9)/((-60)/(-6750)*25). Let k = 167 + -117. Calculate the highest common factor of i and k.
50
Let h be (10 + 4680)/((-3)/(-2)*(-6)/(-9)). Calculate the highest common factor of 175 and h.
35
Let w(x) = -13*x + 2. Let t be w(0). Suppose -267 = -t*f - 21. Calculate the greatest common factor of f and 41.
41
Suppose 32*q = 29*q. Suppose 9*c - 11*c - 32 = q. Let m = -6 - c. What is the highest common factor of 2 and m?
2
Let t be (-3)/(27/30)*-123. Suppose -5*i - 3*g - t = -8*g, 355 = -4*i - 5*g. Let r be 1/(80/i - -1). Calculate the highest common divisor of 119 and r.
17
Let s(o) = 23*o**3 + 1. Let a be s(-1). Let m = a + 36. Suppose b = 8*b - 1078. Calculate the greatest common factor of b and m.
14
Let p(t) = t**3 - 11*t**2 - 12*t. Let k be p(12). Suppose 2 + k = i. Suppose 3*u + i*j - 150 = j, 6 = 2*j. Calculate the greatest common divisor of u and 7.
7
Let l be (9 - 5) + 59 + (-1)/(-1). Let x be ((-350)/28 - -13)/(2/1152). Calculate the greatest common divisor of x and l.
32
Let b be 5/(-3) + (-4)/((-120)/3290). What is the greatest common divisor of b and 84?
12
Let o be (6194/24)/1 + (-8)/96. Calculate the greatest common factor of 42 and o.
6
Let i be (28/(-10))/(47/5640). Let a = i + 344. Calculate the highest common factor of 68 and a.
4
Suppose 2665 = 15*g - 1302 - 353. Calculate the highest common divisor of 14544 and g.
144
Let v be (-22)/(-22)*(-6 + 3). Let t be v/(-9) + 25/15 - -6. What is the highest common factor of 896 and t?
8
Let r(l) = l**3 + 30*l**2 - 9*l + 121. Let i be r(-30). What is the highest common divisor of 51 and i?
17
Suppose -58352 = -81*u - 6708 + 7081. What is the highest common factor of u and 116?
29
Suppose 2*v + 6*z - 4*z = 32, 2*v = 5*z + 4. Let o be ((-30)/(-12))/(5/v). Suppose -2*c = -d - 6, -o*d = -d. Calculate the greatest common divisor of 39 and c.
3
Let u(f) = -1. Let c(o) = o**3 - 7*o**2 - 12*o + 49. Let k(d) = c(d) - u(d). Let b be k(8). Calculate the greatest common factor of 18 and b.
18
Suppose 265*d = 188*d + 473088. Calculate the highest common factor of 24 and d.
24
Let d be 45/(-25) - 54/(-30) - 1*-285. What is the highest common divisor of 9880 and d?
95
Let h be (48/(-4))/(-3) - -2. Let i(s) = -5*s**2 + 3*s**2 - 5*s + 4*s**2. Let o be i(h). Calculate the highest common divisor of o and 28.
14
Let g(p) = -8*p - 5. Let a be g(-2). Suppose a = -5*i - 49. Let j be i/30 + (-231)/(-15). What is the highest common divisor of 165 and j?
15
Let o(g) = g + 5368. Let b be o(-56). What is the greatest common factor of b and 64?
64
Let r be (-24)/16*2*-13. Let c be ((-9 + 2)*-1)/(13/r). What is the greatest common factor of 35 and c?
7
Let f = 61047 + -37926. Calculate the highest common factor of 63 and f.
63
Let n(d) = -96*d - 540. Let q be n(-56). What is the highest common divisor of q and 248?
124
Let t(m) = m**3 - 7*m**2 + 7*m - 3. Let p be t(6). Suppose 14*g + 16 = -2*g. Let o be 96 + g - (2 - (p - 2)). Calculate the highest common divisor of 141 and o.
47
Let s be (3/2)/((-9)/(-12)). Suppose 0 = 3*z - s - 37. Suppose -2*g + z = 3*d - 2*d, 4*d + 5*g - 43 = 0. Calculate the highest common factor of 14 and d.
7
Let p = -21755 - -34838. Calculate the greatest common factor of p and 98.
49
Let h be ((-3)/2)/((-3)/68). Let r(q) = q - 12. Let a be r(15). Suppose -2*s - 5*w + h = 0, a*s + 3*w = s + 26. What is the greatest common factor of s and 28?
7
Suppose -4*d + 2*d + 5*t + 561 = 0, 4*d = -5*t + 1167. Let j be (-492)/(-656) - (690/8)/(-5). Calculate the greatest common factor of d and j.
18
Let k be (-395)/(-3) - (-2)/6. Let b(s) = 10*s + 38. Let o be b(-3). Suppose -o*r + 111 = 15. What is the highest common divisor of r and k?
12
Let w be 16/(-56) - (-17)/(-238)*(-428 - -4). Suppose -3*g = -8 + 2. Let z be (-448)/(-6) - g/(-6). What is the greatest common factor of w and z?
15
Let g(n) = -25*n**3 - 14*n + 3. Let k be g(-5). Calculate the highest common divisor of 234 and k.
78
Suppose -41 - 64 = -5*q. Suppose q = 7*n - 21. Let j be (-2)/n - (-1128)/9. What is the highest common divisor of j and 25?
25
Let z be 57*8/52*13. What is the greatest common factor of 5168 and z?
38
Let f = 395 - 391. Suppose 3*b = 5*v - 3497, -2*v - v + 2075 = f*b. Calculate the highest common divisor of v and 17.
17
Suppose -5*p + 510 = 5*j, -p - 36 = 2*j - 138. Calculate the highest common factor of p and 2091.
51
Let c = -6363 - -15086. Calculate the greatest common divisor of c and 11.
11
Let m(g) = g**3 - 33*g**2 + 198*g + 116. Let w be m(26). What is the highest common divisor of 77 and w?
7
Suppose -f + 3*g + 58 = 0, -4*f - g + 101 + 183 = 0. Let o = -51 + f. What is the greatest common factor of 608 and o?
19
Suppose a - 14 + 2 = 0. Let j be 3*498/27*(-6)/(-4). Let r = j + -75. Calculate the greatest common factor of a and r.
4
Let x be (5070/3)/((-64)/(-80) + (-2)/(-10)). What is the greatest common divisor of x and 9802?
338
Suppose 2 = -t + 4, -4*o + 234 = -t. Let i = o + -54. Let q(v) = -v**3 + 5*v**2 + 7*v - 5. Let h be q(i). What is the highest common factor of 18 and h?
6
Let o = -2743 - -2781. Let z(j) = -82*j. Let r be z(-3). Suppose -5*w + u + 947 = 0, -3*w = -4*u - 312 - r. What is the greatest common factor of w and o?
38
Suppose -3 = 3*o - 3*x, 24 = -o + 5*o + 3*x. Let p(c) = 5*c**3 - 5*c**2 - 8*c + 14. Let q be p(o). Calculate the highest common divisor of 192 and q.
16
Let w = -8308 + 8350. Calculate the highest common factor of w and 10206.
42
Suppose 4*i + 67 = -s, -5*i + s - 21 - 56 = 0. Suppose 96 = -3*a + 2*n, 0*a + n = a + 33. Let y = i - a. Calculate the highest common factor of y and 28.
14
Let y(l) = 4*l**2 + 3*l + 12. Let z be y(-4). Let s(w) = w**3 + 54*w**2 + 243*w - 18. Let t be s(-49). Calculate the highest common factor of t and z.
16
Let j = 141 + -141. Let b be -2 + 3 - (-1 - j). Calculate the highest common factor of 2 and b.
2
Let y be ((-2)/5)/(1/5) - -2. Let j(g) = -84*g. Let s be j(-1). Suppose 0*h - 4*h + s = y. What is the highest common factor of h and 21?
21
Let c(z) = -28*z**3 + z**2 + 2. Let i(d) = 12*d**3 - d**2 - d - 1. Let q(g) = 2*c(g) + 5*i(g). Let b be q(5). Calculate the highest common divisor of b and 57.
57
Let m be (2737/153 - (-80)/72) + 14/(-2). Suppose v + 57 = 213. Calculate the greatest common divisor of v and m.
12
Let k = 1271 + -1081. Calculate the highest common factor of k and 513.
19
Let c(z) = -111*z - 284. Let y be c(-4). What is the greatest common factor of 100 and y?
20
Suppose -3*h + 108 = 18. Suppose l = 4*b - 155, -4*b + 126 = 4*l - 54. What is the greatest common divisor of b and h?
10
Let x = -121 + 58. Let d be (-4)/(-14) - 2196/42. Let z = d - x. What is the highest common divisor of 121 and z?
11
Suppose 7*i - 148 + 92 = 0. Let t be (-856)/(-16) - i - 6/4. What is the greatest common factor of t and 1276?
44
Let r be 42/(-35)*((-148)/6 - 2). Suppose 19*x - r = 23*x. Let o = 3 - x. Calculate the greatest common divisor of 11 and o.
11
Suppose 713 = 22*u - 53*u. Let n(a) = a + 62. Let b be n(u). Calculate the highest common factor of b and 351.
39
Suppose -5*x + 2*p = 17, x - 12 + 13 = p. Let f be x/(-30) + 3274/12. What is the greatest common factor of f and 39?
39
Let l(f) = -200*f - 1173. Let u be l(-6). Suppose -324 = 4*p - 5*p. Calculate the greatest common factor of u and p.
27
Suppose 0 = -s - 3*s. Let k = 261 - 141. Let n = k - s. Calculate the greatest common factor of 48 and n.
24
Let n = 3513 + -3351. Calculate the highest common divisor of n and 24.
6
Suppose 5*u - 104 = 2*l, 7 = 6*u - 5*u - 5*l. Let g be u + (-6 - -5)/1. Let j(a) = 12*a + 3. Let q be j(5). Calculate the greatest common factor of q and g.
21
Suppose -32*p + 14*p + 82586 = 16*p. What is the greatest common factor of 28 and p?
7
Let j = 451 + -454. Let y be (7 + (-11)/2)*(-164)/j. Calculate the greatest common factor of 164 and y.
82
